Calculate the highest common factor of 130 and 1137110.
130
Calculate the highest common divisor of 533944 and 248.
248
Calculate the greatest common divisor of 1099 and 275221.
157
Calculate the highest common divisor of 1729 and 2912.
91
Calculate the highest common factor of 7733 and 12331.
209
What is the greatest common divisor of 24 and 688112?
8
What is the highest common divisor of 6735 and 300?
15
What is the greatest common divisor of 3562 and 1235?
13
Calculate the greatest common divisor of 32 and 923536.
16
Calculate the greatest common divisor of 807 and 24.
3
What is the highest common factor of 594432 and 2560?
512
What is the greatest common factor of 60 and 451650?
30
Calculate the greatest common factor of 864 and 1037016.
216
Calculate the highest common divisor of 16750 and 200.
50
Calculate the greatest common factor of 8 and 49124.
4
What is the highest common divisor of 574640 and 6160?
880
What is the greatest common factor of 2518768 and 602?
602
What is the greatest common divisor of 94754 and 2774?
146
Calculate the greatest common divisor of 506 and 33143.
253
What is the highest common divisor of 166932 and 12?
12
What is the greatest common factor of 905664 and 795?
159
What is the highest common divisor of 608888 and 252?
28
What is the highest common divisor of 13869 and 2691?
207
Calculate the greatest common factor of 365 and 135.
5
What is the highest common divisor of 16750 and 4355?
335
Calculate the greatest common divisor of 493186 and 332.
166
Calculate the highest common factor of 4 and 4381.
1
What is the greatest common divisor of 59 and 1740559?
59
Calculate the highest common factor of 23 and 18101.
23
What is the greatest common divisor of 412 and 52118?
206
What is the highest common divisor of 540 and 16416?
108
What is the greatest common factor of 589576 and 216?
8
What is the highest common divisor of 33538 and 1558?
82
Calculate the greatest common divisor of 21721 and 321.
107
Calculate the highest common divisor of 900 and 983700.
900
Calculate the greatest common factor of 1632 and 36328.
8
What is the greatest common divisor of 67836 and 972?
12
What is the highest common divisor of 47010 and 75?
15
Calculate the highest common divisor of 201260 and 522.
58
Calculate the highest common divisor of 520 and 371215.
65
Calculate the greatest common factor of 171 and 4959.
171
What is the greatest common factor of 153011 and 477?
53
Calculate the greatest common divisor of 29960 and 1008.
56
Calculate the highest common divisor of 45891 and 27.
9
What is the greatest common divisor of 21623 and 210?
7
What is the highest common factor of 87 and 18111?
3
What is the highest common divisor of 11327 and 29281?
47
What is the highest common divisor of 624 and 6708?
156
Calculate the highest common divisor of 36 and 353736.
36
Calculate the greatest common factor of 977883 and 639.
213
What is the greatest common factor of 420 and 43722?
42
Calculate the greatest common divisor of 4532 and 83327.
103
Calculate the greatest common factor of 23295 and 15.
15
What is the highest common factor of 212485 and 3640?
455
What is the highest common factor of 69803 and 2755?
29
Calculate the highest common factor of 4256 and 322.
14
Calculate the greatest common divisor of 132 and 2673.
33
What is the greatest common divisor of 4 and 219280?
4
Calculate the highest common divisor of 683 and 256808.
683
Calculate the highest common divisor of 170789 and 21257.
733
Calculate the greatest common divisor of 2128 and 119392.
112
What is the greatest common factor of 171 and 2641?
19
What is the highest common factor of 10 and 1901730?
10
What is the greatest common divisor of 2465140 and 932?
932
Calculate the highest common factor of 16 and 308336.
16
Calculate the greatest common factor of 127975 and 25.
25
What is the greatest common divisor of 156 and 11816?
4
Calculate the highest common factor of 141 and 795.
3
What is the greatest common divisor of 43 and 166711?
43
What is the greatest common factor of 645 and 1695?
15
What is the highest common factor of 1407981 and 123?
123
Calculate the greatest common factor of 5600 and 1575.
175
What is the greatest common factor of 40 and 489640?
40
Calculate the highest common divisor of 723 and 13737.
723
Calculate the greatest common factor of 19084 and 598.
26
Calculate the highest common divisor of 5 and 43348.
1
Calculate the highest common divisor of 14 and 2983834.
14
What is the highest common factor of 3 and 6907?
1
Calculate the greatest common factor of 754 and 13369.
29
Calculate the greatest common divisor of 18620 and 770.
70
Calculate the greatest common divisor of 63 and 66192.
21
What is the highest common factor of 212 and 85913?
53
What is the highest common factor of 461172 and 12?
12
What is the highest common factor of 407 and 18981?
37
What is the highest common divisor of 282 and 947379?
141
Calculate the greatest common factor of 2242 and 1534.
118
What is the greatest common factor of 3852 and 6206?
214
Calculate the highest common divisor of 16 and 740176.
16
Calculate the greatest common divisor of 6610 and 130.
10
What is the greatest common divisor of 13056 and 4182?
102
What is the greatest common divisor of 33234 and 348?
174
What is the greatest common factor of 2040 and 142440?
120
Calculate the highest common divisor of 43273 and 1191.
397
Calculate the greatest common divisor of 1661208 and 40.
8
Calculate the greatest common divisor of 717123 and 22.
11
Calculate the highest common divisor of 4464 and 240.
48
Calculate the greatest common divisor of 5717355 and 51.
51
What is the greatest common divisor of 22869 and 308?
77
Calculate the greatest common factor of 105175 and 35.
35
What is the highest common factor of 180 and 3969?
9
Calculate the greatest common factor of 113 and 768739.
113
Calculate the greatest common factor of 9 and 3449826.
9
What is the highest common factor of 51911 and 305?
61
What is the highest common factor of 80 and 21188?
4
Calculate the greatest common divisor of 442 and 4076124.
442
What is the highest common divisor of 173031 and 2877?
411
What is the greatest common factor of 413 and 27553?
59
What is the greatest common divisor of 25 and 675?
25
What is the greatest common divisor of 23 and 989?
23
Calculate the greatest common divisor of 9486 and 443052.
558
Calculate the greatest common divisor of 392490 and 126.
126
Calculate the highest common divisor of 118 and 3536.
2
Calculate the greatest common divisor of 8990 and 682.
62
What is the highest common divisor of 1751 and 12365562?
1751
Calculate the highest common divisor of 164318 and 197351.
847
Calculate the highest common divisor of 27 and 1149012.
27
What is the highest common divisor of 299394 and 18?
18
What is the greatest common divisor of 21 and 190400?
7
What is the greatest common divisor of 18700 and 272?
68
Calculate the greatest common factor of 75 and 92725.
25
What is the highest common factor of 2057 and 6380?
11
Calculate the highest common divisor of 4500 and 1260.
180
What is the greatest common divisor of 542886 and 6?
6
What is the greatest common divisor of 6194 and 6846?
326
Calculate the highest common factor of 199423 and 3472.
217
What is the greatest common divisor of 216 and 85158?
54
Calculate the greatest common factor of 1764 and 174048.
588
What is the highest common divisor of 1707 and 18?
3
What is the highest common factor of 196 and 128?
4
What is the greatest common factor of 12604 and 2740?
548
Calculate the greatest common divisor of 189 and 157842.
27
Calculate the highest common divisor of 24702 and 7452.
138
Calculate the greatest common factor of 2712 and 24744.
24
Calculate the greatest common divisor of 221153 and 51.
17
Calculate the highest common divisor of 147 and 1679181.
147
Calculate the greatest common factor of 11374 and 15730.
242
Calculate the greatest common factor of 537 and 215337.
537
Calculate the greatest common factor of 35258 and 578.
578
What is the highest common factor of 654714 and 126?
18
What is the greatest common divisor of 3867006 and 132?
66
What is the greatest common factor of 10240 and 176?
16
What is the greatest common divisor of 9837 and 9?
9
Calculate